{"id":528,"date":"2023-01-31T17:01:04","date_gmt":"2023-01-31T16:01:04","guid":{"rendered":"https:\/\/wp.transkript.cz\/?page_id=528"},"modified":"2023-01-31T17:02:12","modified_gmt":"2023-01-31T16:02:12","slug":"predstaveni-transkriptu-copy","status":"publish","type":"page","link":"https:\/\/transkript.cz\/?page_id=528","title":{"rendered":"GDPR"},"content":{"rendered":"\n<h2 class=\"wp-block-heading\">Informace o zpracov\u00e1n\u00ed osobn\u00edch \u00fadaj\u016f u slu\u017eeb Transkript online<\/h2>\n\n\n\n<p>V souladu s na\u0159\u00edzen\u00edm Evropsk\u00e9ho parlamentu a Rady (EU) 2016\/679 ze dne 27. dubna 2016 o ochran\u011b fyzick\u00fdch osob v souvislosti se zpracov\u00e1n\u00edm osobn\u00edch \u00fadaj\u016f a o voln\u00e9m pohybu t\u011bchto \u00fadaj\u016f a o zru\u0161en\u00ed sm\u011brnice 95\/46\/ES (obecn\u00e9 na\u0159\u00edzen\u00ed o ochran\u011b osobn\u00edch \u00fadaj\u016f)<\/p>\n\n\n\n<p><strong>1.&nbsp;&nbsp;&nbsp;&nbsp;&nbsp;<\/strong><strong>Spr\u00e1vce osobn\u00edch \u00fadaj\u016f<\/strong><\/p>\n\n\n\n<p>Transkript online s.r.o.<br>S\u00eddlo: Dlouh\u00e1 729\/37, 110 00 Praha 1 &#8211; Star\u00e9 M\u011bsto<br>I\u010cO: 24232050<br>Kontaktn\u00ed \u00fadaje: tel: +420 222 364&nbsp;374, email:&nbsp;<a href=\"mailto:podpora@transkript.cz\">podpora@transkript.cz<\/a><br>Datov\u00e1 schr\u00e1nka: gfxk65w<\/p>\n\n\n\n<p><strong>2.&nbsp;&nbsp;&nbsp;&nbsp;&nbsp;<\/strong><strong>\u00da\u010dely zpracov\u00e1n\u00ed osobn\u00edch \u00fadaj\u016f<\/strong><\/p>\n\n\n\n<p>P\u0159i vyu\u017e\u00edv\u00e1n\u00ed slu\u017eeb spole\u010dnosti Transkript m\u016f\u017ee doch\u00e1zet ke zpracov\u00e1n\u00ed osobn\u00edch \u00fadaj\u016f v&nbsp;n\u00e1sleduj\u00edc\u00edch situac\u00edch.<\/p>\n\n\n\n<p>2.1.&nbsp;&nbsp;&nbsp;&nbsp;&nbsp;&nbsp;&nbsp;&nbsp;&nbsp;N\u00e1v\u0161t\u011bva webov\u00fdch str\u00e1nek spole\u010dnosti.<\/p>\n\n\n\n<p>Detailn\u00ed informace naleznete v dokumentu \u201e<a href=\"https:\/\/drive.google.com\/file\/d\/19en3W-LXkdEB0fLV4ddtJqOssXuNS7Lx\/view?usp=sharing\">Ochrana osobn\u00edch \u00fadaj\u016f<\/a>&nbsp;www.transkript.cz\u201c (odkaz na cel\u00fd dokument)<br><\/p>\n\n\n\n<p>2.2.&nbsp;&nbsp;&nbsp;&nbsp;&nbsp;&nbsp;&nbsp;&nbsp;&nbsp;P\u0159i vyu\u017e\u00edv\u00e1n\u00ed slu\u017eby informa\u010dn\u00ed linky s&nbsp;online p\u0159episem<\/p>\n\n\n\n<p>P\u0159i vyu\u017e\u00edv\u00e1n\u00ed infolinky pro u\u017eivatele s posti\u017een\u00edm sluchu je v\u00e1\u0161 telefonn\u00ed hovor p\u0159esm\u011brov\u00e1n na tel. \u00fast\u0159ednu a server, kter\u00fd zaji\u0161\u0165uje p\u0159epis telefonn\u00edho hovoru.<br>K tomuto zpracov\u00e1n\u00ed doch\u00e1z\u00ed za \u00fa\u010delem umo\u017en\u011bn\u00ed dorozum\u011bn\u00ed mezi pracovn\u00edkem Transkript online a u\u017eivatelem s posti\u017een\u00edm sluchu a to na z\u00e1klad\u011b opr\u00e1vn\u011bn\u00e9ho z\u00e1jmu Spr\u00e1vce osobn\u00edch \u00fadaj\u016f.<br>V\u00e1\u0161 telefonn\u00ed hovor se nezaznamen\u00e1v\u00e1, ani \u017e\u00e1dn\u00fdm zp\u016fsobem d\u00e1le nezpracov\u00e1v\u00e1. Na jeho z\u00e1klad\u011b nedoch\u00e1z\u00ed k automatizovan\u00e9mu rozhodov\u00e1n\u00ed ani profilov\u00e1n\u00ed.<br><\/p>\n\n\n\n<p>2.3.&nbsp;&nbsp;&nbsp;&nbsp;&nbsp;&nbsp;&nbsp;&nbsp;&nbsp;P\u0159i vyu\u017e\u00edv\u00e1n\u00ed slu\u017eeb mobiln\u00ed aplikace eScribeDroid<\/p>\n\n\n\n<p>Aplikace slou\u017e\u00ed ke zprost\u0159edkov\u00e1n\u00ed online p\u0159episu bu\u010f p\u0159i komunikaci tv\u00e1\u0159\u00ed v&nbsp;tv\u00e1\u0159 \u010di p\u0159i telefonov\u00e1n\u00ed na zvolen\u00e9 \u010d\u00edslo. Detailn\u00ed informace naleznete&nbsp;<a href=\"https:\/\/docs.google.com\/document\/d\/1IlIpRLOQGYwjsqf09pcKIek1OfiOGkRd56zBhILEuWg\/edit?usp=sharing\">zde<\/a>.<\/p>\n\n\n\n<p><strong>3. Pr\u00e1va subjektu \u00fadaj\u016f<\/strong><\/p>\n\n\n\n<p>Na z\u00e1klad\u011b na\u0159\u00edzen\u00ed Evropsk\u00e9ho parlamentu a Rady (EU) 2016\/679 ze dne 27. dubna 2016 o ochran\u011b fyzick\u00fdch osob v souvislosti se zpracov\u00e1n\u00edm osobn\u00edch \u00fadaj\u016f a o voln\u00e9m pohybu t\u011bchto \u00fadaj\u016f a o zru\u0161en\u00ed sm\u011brnice 95\/46\/ES (obecn\u00e9 na\u0159\u00edzen\u00ed o ochran\u011b osobn\u00edch \u00fadaj\u016f) m\u00e1te n\u00e1sleduj\u00edc\u00ed pr\u00e1va:<\/p>\n\n\n\n<p>\u00a7&nbsp;&nbsp;Pr\u00e1vo na p\u0159\u00edstup k osobn\u00edm \u00fadaj\u016fm, kter\u00e9 o V\u00e1s zpracov\u00e1v\u00e1me.<\/p>\n\n\n\n<p>\u00a7&nbsp;&nbsp;Pr\u00e1vo na opravu osobn\u00edch \u00fadaj\u016f, kter\u00e9 o V\u00e1s zpracov\u00e1v\u00e1me.<\/p>\n\n\n\n<p>\u00a7&nbsp;&nbsp;Pr\u00e1vo na omezen\u00ed zpracov\u00e1n\u00ed.<\/p>\n\n\n\n<p>\u00a7&nbsp;&nbsp;Pr\u00e1vo na v\u00fdmaz osobn\u00edch \u00fadaj\u016f.<\/p>\n\n\n\n<p>\u00a7&nbsp;&nbsp;Pr\u00e1vo na p\u0159enositelnost osobn\u00edch \u00fadaj\u016f.<\/p>\n\n\n\n<p>\u00a7&nbsp;&nbsp;Pr\u00e1vo vzn\u00e9st n\u00e1mitku proti zpracov\u00e1n\u00ed.<\/p>\n\n\n\n<p>\u00a7&nbsp;&nbsp;Pr\u00e1vo odvolat souhlas se zpracov\u00e1n\u00edm osobn\u00edch \u00fadaj\u016f.<\/p>\n\n\n\n<p>\u00a7&nbsp;&nbsp;Pr\u00e1vo podat st\u00ed\u017enost u dozorov\u00e9ho org\u00e1nu (\u00da\u0159ad pro ochranu osobn\u00edch \u00fadaj\u016f \u2013&nbsp;<a href=\"https:\/\/www.uoou.cz\/\">www.uoou.cz<\/a>).<\/p>\n\n\n\n<p>V\u0161echna sv\u00e1 pr\u00e1va m\u016f\u017eete uplatnit kdykoliv osobn\u011b v provozovn\u011b spr\u00e1vce, nebo pomoc\u00ed elektronick\u00e9 komunikace prost\u0159ednictv\u00edm mailu&nbsp;<a href=\"mailto:podpora@transkript.cz\">podpora@transkript.cz<\/a>. V\u0161echny pot\u0159ebn\u00e9 kontakty naleznete v \u010d\u00e1sti 1. Podrobn\u011bj\u0161\u00ed informace k Va\u0161im pr\u00e1v\u016fm m\u016f\u017eete nal\u00e9zt p\u0159\u00edmo v obecn\u00e9m na\u0159\u00edzen\u00ed o ochran\u011b osobn\u00edch \u00fadaj\u016f Evropsk\u00e9ho parlamentu a Rady (EU) 2016\/679 (GDPR) nebo na str\u00e1nk\u00e1ch \u00da\u0159adu pro ochranu osobn\u00edch \u00fadaj\u016f&nbsp;<a href=\"https:\/\/www.uoou.cz\/\">www.uoou.cz<\/a>.<\/p>\n","protected":false},"excerpt":{"rendered":"<p>Informace o zpracov\u00e1n\u00ed osobn\u00edch \u00fadaj\u016f u slu\u017eeb Transkript online V souladu s na\u0159\u00edzen\u00edm Evropsk\u00e9ho parlamentu a Rady (EU) 2016\/679 ze [&hellip;]<\/p>\n","protected":false},"author":2,"featured_media":0,"parent":0,"menu_order":0,"comment_status":"closed","ping_status":"closed","template":"","meta":{"om_disable_all_campaigns":false,"_monsterinsights_skip_tracking":false,"_monsterinsights_sitenote_active":false,"_monsterinsights_sitenote_note":"","_monsterinsights_sitenote_category":0,"_uf_show_specific_survey":0,"_uf_disable_surveys":false,"footnotes":""},"class_list":["post-528","page","type-page","status-publish","hentry"],"aioseo_notices":[],"_links":{"self":[{"href":"https:\/\/transkript.cz\/index.php?rest_route=\/wp\/v2\/pages\/528","targetHints":{"allow":["GET"]}}],"collection":[{"href":"https:\/\/transkript.cz\/index.php?rest_route=\/wp\/v2\/pages"}],"about":[{"href":"https:\/\/transkript.cz\/index.php?rest_route=\/wp\/v2\/types\/page"}],"author":[{"embeddable":true,"href":"https:\/\/transkript.cz\/index.php?rest_route=\/wp\/v2\/users\/2"}],"replies":[{"embeddable":true,"href":"https:\/\/transkript.cz\/index.php?rest_route=%2Fwp%2Fv2%2Fcomments&post=528"}],"version-history":[{"count":1,"href":"https:\/\/transkript.cz\/index.php?rest_route=\/wp\/v2\/pages\/528\/revisions"}],"predecessor-version":[{"id":529,"href":"https:\/\/transkript.cz\/index.php?rest_route=\/wp\/v2\/pages\/528\/revisions\/529"}],"wp:attachment":[{"href":"https:\/\/transkript.cz\/index.php?rest_route=%2Fwp%2Fv2%2Fmedia&parent=528"}],"curies":[{"name":"wp","href":"https:\/\/api.w.org\/{rel}","templated":true}]}}

<h2 class="wp-block-heading">Informace o zpracování osobních údajů u služeb Transkript online</h2>



<p>V souladu s nařízením Evropského parlamentu a Rady (EU) 2016/679 ze dne 27. dubna 2016 o ochraně fyzických osob v souvislosti se zpracováním osobních údajů a o volném pohybu těchto údajů a o zrušení směrnice 95/46/ES (obecné nařízení o ochraně osobních údajů)</p>



<p><strong>1.&nbsp;&nbsp;&nbsp;&nbsp;&nbsp;</strong><strong>Správce osobních údajů</strong></p>



<p>Transkript online s.r.o.<br>Sídlo: Dlouhá 729/37, 110 00 Praha 1 &#8211; Staré Město<br>IČO: 24232050<br>Kontaktní údaje: tel: +420 222 364&nbsp;374, email:&nbsp;<a href="mailto:podpora@transkript.cz">podpora@transkript.cz</a><br>Datová schránka: gfxk65w</p>



<p><strong>2.&nbsp;&nbsp;&nbsp;&nbsp;&nbsp;</strong><strong>Účely zpracování osobních údajů</strong></p>



<p>Při využívání služeb společnosti Transkript může docházet ke zpracování osobních údajů v&nbsp;následujících situacích.</p>



<p>2.1.&nbsp;&nbsp;&nbsp;&nbsp;&nbsp;&nbsp;&nbsp;&nbsp;&nbsp;Návštěva webových stránek společnosti.</p>



<p>Detailní informace naleznete v dokumentu „<a href="https://drive.google.com/file/d/19en3W-LXkdEB0fLV4ddtJqOssXuNS7Lx/view?usp=sharing">Ochrana osobních údajů</a>&nbsp;www.transkript.cz“ (odkaz na celý dokument)<br></p>



<p>2.2.&nbsp;&nbsp;&nbsp;&nbsp;&nbsp;&nbsp;&nbsp;&nbsp;&nbsp;Při využívání služby informační linky s&nbsp;online přepisem</p>



<p>Při využívání infolinky pro uživatele s postižením sluchu je váš telefonní hovor přesměrován na tel. ústřednu a server, který zajišťuje přepis telefonního hovoru.<br>K tomuto zpracování dochází za účelem umožnění dorozumění mezi pracovníkem Transkript online a uživatelem s postižením sluchu a to na základě oprávněného zájmu Správce osobních údajů.<br>Váš telefonní hovor se nezaznamenává, ani žádným způsobem dále nezpracovává. Na jeho základě nedochází k automatizovanému rozhodování ani profilování.<br></p>



<p>2.3.&nbsp;&nbsp;&nbsp;&nbsp;&nbsp;&nbsp;&nbsp;&nbsp;&nbsp;Při využívání služeb mobilní aplikace eScribeDroid</p>



<p>Aplikace slouží ke zprostředkování online přepisu buď při komunikaci tváří v&nbsp;tvář či při telefonování na zvolené číslo. Detailní informace naleznete&nbsp;<a href="https://docs.google.com/document/d/1IlIpRLOQGYwjsqf09pcKIek1OfiOGkRd56zBhILEuWg/edit?usp=sharing">zde</a>.</p>



<p><strong>3. Práva subjektu údajů</strong></p>



<p>Na základě nařízení Evropského parlamentu a Rady (EU) 2016/679 ze dne 27. dubna 2016 o ochraně fyzických osob v souvislosti se zpracováním osobních údajů a o volném pohybu těchto údajů a o zrušení směrnice 95/46/ES (obecné nařízení o ochraně osobních údajů) máte následující práva:</p>



<p>§&nbsp;&nbsp;Právo na přístup k osobním údajům, které o Vás zpracováváme.</p>



<p>§&nbsp;&nbsp;Právo na opravu osobních údajů, které o Vás zpracováváme.</p>



<p>§&nbsp;&nbsp;Právo na omezení zpracování.</p>



<p>§&nbsp;&nbsp;Právo na výmaz osobních údajů.</p>



<p>§&nbsp;&nbsp;Právo na přenositelnost osobních údajů.</p>



<p>§&nbsp;&nbsp;Právo vznést námitku proti zpracování.</p>



<p>§&nbsp;&nbsp;Právo odvolat souhlas se zpracováním osobních údajů.</p>



<p>§&nbsp;&nbsp;Právo podat stížnost u dozorového orgánu (Úřad pro ochranu osobních údajů –&nbsp;<a href="https://www.uoou.cz/">www.uoou.cz</a>).</p>



<p>Všechna svá práva můžete uplatnit kdykoliv osobně v provozovně správce, nebo pomocí elektronické komunikace prostřednictvím mailu&nbsp;<a href="mailto:podpora@transkript.cz">podpora@transkript.cz</a>. Všechny potřebné kontakty naleznete v části 1. Podrobnější informace k Vašim právům můžete nalézt přímo v obecném nařízení o ochraně osobních údajů Evropského parlamentu a Rady (EU) 2016/679 (GDPR) nebo na stránkách Úřadu pro ochranu osobních údajů&nbsp;<a href="https://www.uoou.cz/">www.uoou.cz</a>.</p>

<p>Informace o zpracování osobních údajů u služeb Transkript online V souladu s nařízením Evropského parlamentu a Rady (EU) 2016/679 ze [&hellip;]</p>
